 (-5 - 2)
6
What is the value of 5 + 9 - (-15 + 16)?
13
What is the value of -5 + -6 + -1 + 8?
-4
What is the value of -12 + 28 + -6 + -18?
-8
What is 11 + 0 + (0 + -3 - -9) - 4?
13
Calculate (9 - -3) + -1 + 0 + 0.
11
17 + -2 + -2 + 44 + (-24 - 17)
16
(16 + (5 - 16) - 10) + -7
-12
What is -67 + (17 - -29) - (3 + -3 + 4)?
-25
What is 7 - (-12 + 56 + -18)?
-19
Calculate 17 + -12 + (-4 - 1) + 5 - 3.
2
Calculate -1 - -2 - (1 + -20 + 20).
0
What is -19 - (3 + -16 + (11 - 5))?
-12
-15 - (2 + (-4 - 14))
1
What is 1 - (-15 + 1 + (-10 - -27))?
-2
(-13 - -20 - -9) + -8
8
(-6 - (-8 + 7)) + 1 - -11 - -14
21
What is the value of -1 - (7 + 20 + -14)?
-14
What is (-2 - (6 + -1) - -1) + -1 + 3?
-4
Evaluate 10 - (-6 + 19 + 11).
-14
Evaluate 4 + 1 + 7 + 1 + 12.
25
Calculate 11 + 5 + (-28 - -29).
17
Evaluate (-21 - (-16 - 6)) + -12 + -1 + 2.
-10
9 - (-13 - ((13 - 29) + 15))
21
Calculate 13 + (17 - 6) + -17.
7
What is the value of 16 + 2 + 2 + (-25 - -13)?
8
What is -4 + (8 - -2) + 5?
11
-9 + (6 - 0) + (3 - -5 - 15)
-10
-4 + 49 - 39 - (23 + -3 + 1)
-15
(-21 - (21 - 54)) + 14
26
Evaluate 1 + (21 - 0) + (58 - 63).
17
Calculate 10 - (-9 + 6 - -11) - 12.
-10
Evaluate 66 + -45 + (0 - 18).
3
What is the value of -5 + -9 + 1 + (-2 - -10)?
-5
-47 + 51 + (-5 + 4 - (1 - 9))
11
What is the value of 19 - 6 - 17 - 13?
-17
9 + 29 + -28 + 12
22
What is (10 - (4 - -10)) + (7 - 0)?
3
What is -26 - -10 - -31 - 3?
12
Evaluate 57 + -96 - (-6 - ((-1 - -3) + 0)).
-31
Evaluate (-45 - -58) + -7 + (19 - 4).
21
What is (-23 - -24) + -5 + (1 - 2)?
-5
What is (9 - 3) + -5 + 0 + -12 + 18?
7
What is the value of -6 - ((3 - ((16 - 3) + 1)) + 38)?
-33
-10 - (5 + (-15 - -8 - -10) - 0)
-18
What is the value of 0 - 2 - -10 - -2 - (702 - 660)?
-32
0 + 3 + (33 + -21 - 21)
-6
What is 358 - 359 - (-4 - (0 + 1))?
4
What is 29 - (-27 + 61 + -9)?
4
What is the value of -14 - 27 - 4 - -23 - (-11 - 0)?
-11
Evaluate 6 + -12 + -6 + 4 + 3.
-5
What is 27 + (-1 - (4 + -3 + (9 - 2)))?
18
Calculate -28 - 0 - (0 + 2 - (47 - 33)).
-16
-41 + 55 + -16 + 17
15
Evaluate -13 + -24 + 40 - 30.
-27
What is the value of (-31 + 14 - -35) + -2 - -13?
29
-3 + -55 + 54 + (0 - -5) + -9
-8
Calculate (-13 - -5) + 4 + 5.
1
What is -2 - (-13 + -5 + 7)?
9
((8 - (1 + 4)) + 0 - 0) + -27
-24
What is -7 - -16 - (5 + 1 + -1)?
4
What is the value of -9 - 0 - (-22 + 4)?
9
-2 + (-18 - -17) + -5
-8
What is 13 + (14 - (-11 + 69)) + 1?
-30
(45 - 58) + -5 + (5 - 8)
-21
Calculate (-8 - -1) + (15 + -10 - -3) - -26.
27
Calculate 1 + 20 + -9 + 21 + -19.
14
What is the value of (-6 - -11) + (2 - 0 - -5)?
12
Calculate (13 - 38) + 29 + -23.
-19
Calculate -1 + -22 - (-10 + -10 - (92 + -101)).
-12
What is the value of -6 - (-65 + 75 + (-3 - 9))?
-4
What is -8 - -11 - 23 - -18?
-2
Calculate 15 - (11 + -1) - 13.
-8
What is the value of (-33 + 15 - -28) + -1 + -8?
1
What is 23 + -31 + -17 + 52?
27
Calculate -7 - (-15 + -9) - (1 + 0).
16
Evaluate -17 + (-6 - (-24 - -6)) + -4.
-9
-8 + -4 + -2 - -15
1
What is -31 + 58 - (-19 + 35)?
11
Calculate (-3 + 14 - 23 - (-1 - -2)) + 4.
-9
What is 3 - (-30 + 13 + 6)?
14
Calculate 1 + 6 - 13 - (15 - 1).
-20
Calculate 18 + 1 + (-4 - (14 - (16 + 2))).
19
Calculate 34 - 12 - (18 + 4).
0
What is 1 + (6 - -3) + 1 + -5 + -13?
-7
Evaluate -2 + 8 + 11 + 18.
35
18 + -55 + (-43 - -42)
-38
Evaluate 1343 - 1348 - (-1 + (-1 - -4)).
-7
1 - (-2 + 10 + -3 - 0)
-4
What is the value of (1 - -5) + 4 + -15 + 4?
-1
10 - (15 - (7 + (-1 - 10)))
-9
What is -36 + 10 + 32 + (0 - -8)?
14
What is the value of 11 + 3 + -1 + 0?
13
Evaluate (26 - (1 + 13)) + -3.
9
Evaluate (27 - (13 - (5 - -10))) + -15.
14
What is the value of (1 - -4) + (3 - (2 - -7)) + 14?
13
10 + (0 - 0 - (4 + -1))
7
What is the value of (25 - 26 - -6) + -1 + 8?
12
What is the value of -5 - 1 - (-9 - (2 + -10))?
-5
What is -8 + 6 + 8 + -8 + (-2 - -13)?
9
Evaluate 47 + -49 - (-14 - -6 - (-2 - 2)).
2
Calculate (8 - (0 - 1)) + (15467 - 15474).
2
What is the value of 1 + 14 - -1 - (4 - 0)?
12
What is the value of (-35 - -51 - -28) + -19?
25
What is the value of -2 + -14 + (0 + -8 - (53 - 61))?
-16
-8 - -13 - (-3 + -3) - 33
-22
Calculate -8 + (1 + -4 - (148 - 151)) + 1.
-7
Calculate 15 + 3 + -19 - -7.
6
1 - ((-1 - -17) + -5)
-10
-2 - (-1 + -4 + 7 + -1 + 8)
-11
(-22 - (10 + -17)) + (6 - -1)
-8
Evaluate -22 - -50 - 36 - (1 + (0 - -15)).
-24
What is -39 + 24 + 10 + (2 - 4)?
-7
-52 + 1 - (17 + -20 + -9 - -2)
-41
Calculate (-8 - -27) + 3 - 50.
-28
What is 2 + (7 + 0 - (5 - 17 - -13))?
8
What is -316 + 315 + 12 + 0?
11
Calculate -25 + 15 - -25 - 22.
-7
Calculate 5 + (-19 - (25 + -27 + -1 + -3)).
-8
What is the value of (-4 - (10 - (7 + -4))) + 5 + 4?
-2
-22 + (-5 - -10) + (53 - 44)
-8
Calculate 14 + -3 - (-5 + 9 + -9).
16
14 + (-11 - -9) + -7
5
Calculate (208 - 176) + (-8 - 0) - (6 - 1).
19
What is the value of 3 - ((0 + 8 - 5) + -2)?
2
Calculate -32 - -45 - (-2 + 3).
12
What is the value of 2 - -16 - (-58 + 67)?
9
7 + 2 + -3 - (-14 - -18)
2
Calculate (-19 - -7) + -6 + 10.
-8
Calculate -2 - 0 - (-37 - -25).
10
12 - (0 + -1 + 3) - (251 + -253)
12
Evaluate -4 + (-2 - 0) + 16 + (0 - 4).
6
Evaluate 29 + (26 - 9) + -20.
26
Calculate (-2 - -10) + 10 + -3 + -6.
9
Evaluate (16 - 1) + 1 - 22.
-6
What is the value of -20 + 75 + -41 - 2?
12
Evaluate -16 + (1 - (12 - 19)).
-8
Calculate -13 + 2 + (-1 - 1) + 5.
-8
Evaluate (0 + 7 - (57 - 44)) + 10.
4
Calculate -3 + 8 + 1 + -49 + 39.
-4
5 - (13 + -5 - 2)
-1
Calculate -23 + 33 + -15 + (-1 - -10) - 14.
-10
What is (-34 - -9) + (-4 - -22)?
-7
Calculate (3 - -4) + (4 - 12).
-1
Evaluate (365 - 383) + 4 + 12.
-2
Calculate (-3 - -33) + -60 + 44.
14
Evaluate 14 + (-25 - (-34 - -38)).
-15
Calculate 16 - (105 + -106 + 0 + 11).
6
What is the value of -29 + -2 + 16 + 0?
-15
What is the value of -3 + 7 + (53 - 45) - 4?
8
Calculate -4 + -17 + 42 - 1.
20
(-5 + -4 - -3) + 14 + -6
2
What is the value of -2 + 2 + 4 - (14 + -1) - -5?
-4
Calculate 11 + 9 + -16 + -21.
-17
What is the value of 13 - -4 - (-3 - -13)?
7
9 - (36 + -32) - -22
27
What is 9 - (7 + (-6 - (-3 - -7)))?
12
What is -2 + -7 + 6 + 1 + 1?
-1
What is the value of 0 + 3 - (-33 + 60 + -22)?
-2
Evaluate -5 - ((-2 - (-35 + (-2 - -5))) + -10).
-25
Evaluate 211 - 182 - (-4 + 3 - -1).
29
0 - (1 - -20 - 34)
13
Calculate (-11 - -5) + (-9 - -14) + -11.
-12
What is (2 - 4) + -3 + (-2 - 6)?
-13
Evaluate -6 + (-7 - (-1 + -20)) - 4.
4
(34 - 11) + 11 + -7
27
-154 + 129 + (7 + 4 - 3)
-17
Calculate ((-4 - 0) + 1 - -5) + (20 - 15).
7
What is the value of 1 + -2 - (376 - 348)?
-29
What is the value of -40 - -38 - (-19 + (1 - -2))?
14
What is (2 - -14) + 889 + -877?
28
What is the value of 18 - 15 - (3 - -2 - -6)?
-8
(-26 - -36) + -26 + 6 + -4
-14
Evaluate 49 + -11 - (7 + -1 - (54 + -45)).
41
(1 - -9) + -161 + 169
18
What is 6 - ((-10 - -10) + -2 + 12) - -5?
1
What is -21 - -13 - 15 - -8?
-15
What is the value of (-28 - (-34 + 21)) + 23?
8
Evaluate (52 - 41) + -5 + 0.
6
Calculate -15 + (52 - 7) + -21.
9
What is the value of 5 - ((-9 - -2) + (12 + -2 - 13))?
15
What is -24 + 15 - -1 - -33?
25
What is -10 - -3 - ((-6 - (6 + -16)) + 0)?
-11
Calculate 0 + 10 + (-41 - -38 - (-4 + 0)).
11
-9 + 5 + 8 + 5 + 1 + -17
-7
What is 10 - (0 - (-2 + 7) - -11)?
4
-11 + 23 + -7 + 11
16
-11 + 0 + 14 - 6
-3
What is the value of (26 - 17) + (-7 - (2 - 3))?
3
What is the value of 3 - (8 - 8) - 9?
-6
Evaluate 5 - (0 - ((5 - -3 - 7) + 3)).
9
Evaluate -20 + -31 + 7 + 36.
-8
Calculate 1 + (2 - 16 - -5).
-8
Evaluate 9 + -8 + 27 - 18.
10
8 - (-4 + 13) - (-1 - 4)
4
Calculate 1 - -23 - (6 + 8).
10
(6 - 2 - 5) + (-9 - -2)
-8
What is 3 + (27 - 20) + -5?
5
What is 1 - 0 - ((22 - 0) + 461 + -475)?
-7
What is the value of -11 - (3 - 23) - 10 - -1?
0
Calculate -207 - -205 - (3 - -1).
-6
(44 - (67 - 30)) + (2 + 0 - 5)
4
What is the value of -4 + (14 - 3) + 17 + (-2 - -2)?
24
Evaluate (7 - 6 - (-13 - 2)) + -2 - 2.
12
-2 + 10 + 18 + -23 - 0
3
((13 - 1) + 1 - 8) + -12
-7
5 + -5 + 15 + (-19 - -12)
8
What is 14 + 1 + 39 + -25 - 5?
24
Calculate -4 + 2 + 21 + -3 + 0 + -6.
10
What is the value of 6 + 1 - (-3 + (-6 - (9 - 8)))?
17
Evaluate -77 - -72 - ((1 - 1) + -10).
5
What is 21 + 20 + -48 + 14?
7
What is the value of 25 - ((-16 - -46) + -23)?
18
What is -18 - (2 + 2 + -8 + 6 + -11)?
-9
Evaluate -6 + (249 + -256 - (-3 + 2 + 2)).
-14
What is the value of (-18 - (-2 + 1))